{"id":10,"date":"2021-10-04T11:55:14","date_gmt":"2021-10-04T09:55:14","guid":{"rendered":"http:\/\/localhost\/localWP\/?page_id=5"},"modified":"2026-02-05T10:32:27","modified_gmt":"2026-02-05T09:32:27","slug":"nas-klub","status":"publish","type":"page","link":"https:\/\/www.voltizivanka.sk\/index.php\/nas-klub\/","title":{"rendered":"Hist\u00f3ria"},"content":{"rendered":"\n<p class=\"has-black-color has-white-background-color has-text-color has-background wp-block-paragraph\">My\u0161lienka zalo\u017ei\u0165 volt\u00ed\u017e v Ivanke pri Dunaji sa zrodila v lete 2012. Podnetom bolo umo\u017eni\u0165 de\u0165om z materskej \u0161koly Z\u00e1lesie, kde cvi\u010dili pod veden\u00edm svojich u\u010diteliek \u2013 Adriky a&nbsp;Zuzky, pokra\u010dova\u0165 vo volt\u00ed\u017enom jazden\u00ed aj po odchode z&nbsp;materskej \u0161koly. Z\u00e1les\u00e1cka \u0161k\u00f4lka so svojim vyst\u00fapen\u00edm na kobylke S\u00e1re  milo o\u017eivovala program jazdeck\u00fdch pretekov organizovan\u00fdch Spojenou \u0161kolou.<br>Prv\u00e9 ofici\u00e1lne vyst\u00fapenie det\u00ed volt\u00ed\u017enej skupiny Jazdeck\u00e9ho klubu Spojenej \u0161koly Ivanka pri Dunaji bolo u\u017e na jese\u0148 po trojmesa\u010dnom tr\u00e9ningu pod veden\u00edm Adriany \u017datkovej a&nbsp;Zuzany Repkovej. <br>Do Slovensk\u00e9ho volt\u00ed\u017eneho poh\u00e1ra sa Jazdeck\u00fd klub Spojenej \u0161koly Ivanka pri Dunaji zapojil na jar roku 2013 cvi\u010den\u00edm v \u0160ali na koni Cavarly Charge, ktor\u00e9ho lon\u017eovala Zuzana Repkov\u00e1. V&nbsp;m\u00e1ji toho ist\u00e9ho roku sme v&nbsp;na\u0161om jazdeckom centre v&nbsp;Z\u00e1les\u00ed zorganizovali pretek SVP aj my.<br>Odvtedy sa pre n\u00e1s \u00fa\u010das\u0165 na s\u00fa\u0165a\u017eiach Slovensk\u00e9ho volt\u00ed\u017eneho poh\u00e1ra stala ka\u017edoro\u010dnou motiv\u00e1ciou zlep\u0161i\u0165 sa vo volt\u00ed\u017enom cvi\u010den\u00ed. Vyvrcholen\u00edm sez\u00f3ny b\u00fdvaju Majstrovstv\u00e1 Slovenskej republiky \u010di Majstrovstv\u00e1 Eur\u00f3py a sveta juniorov a seniorov, na ktor\u00fdch cvi\u010denci a lon\u017e\u00e9ri klub \u00faspe\u0161ne reprezentuj\u00fa. <\/p>\n","protected":false},"excerpt":{"rendered":"<p>My\u0161lienka zalo\u017ei\u0165 volt\u00ed\u017e v Ivanke pri Dunaji sa zrodila v lete 2012. Podnetom bolo umo\u017eni\u0165 de\u0165om z materskej \u0161koly Z\u00e1lesie, kde cvi\u010dili pod veden\u00edm svojich u\u010diteliek \u2013 Adriky a&nbsp;Zuzky, pokra\u010dova\u0165 vo volt\u00ed\u017enom jazden\u00ed aj po odchode z&nbsp;materskej \u0161koly. Z\u00e1les\u00e1cka \u0161k\u00f4lka so svojim vyst\u00fapen\u00edm na kobylke S\u00e1re milo o\u017eivovala program jazdeck\u00fdch pretekov organizovan\u00fdch Spojenou \u0161kolou.Prv\u00e9 ofici\u00e1lne &hellip; <a href=\"https:\/\/www.voltizivanka.sk\/index.php\/nas-klub\/\" class=\"more-link\">Continue reading <span class=\"screen-reader-text\">Hist\u00f3ria<\/span><\/a><\/p>\n","protected":false},"author":3,"featured_media":0,"parent":0,"menu_order":0,"comment_status":"closed","ping_status":"closed","template":"","meta":{"footnotes":""},"tags":[],"class_list":["post-10","page","type-page","status-publish","hentry","no-featured-image"],"jetpack_sharing_enabled":true,"_links":{"self":[{"href":"https:\/\/www.voltizivanka.sk\/index.php\/wp-json\/wp\/v2\/pages\/10","targetHints":{"allow":["GET"]}}],"collection":[{"href":"https:\/\/www.voltizivanka.sk\/index.php\/wp-json\/wp\/v2\/pages"}],"about":[{"href":"https:\/\/www.voltizivanka.sk\/index.php\/wp-json\/wp\/v2\/types\/page"}],"author":[{"embeddable":true,"href":"https:\/\/www.voltizivanka.sk\/index.php\/wp-json\/wp\/v2\/users\/3"}],"replies":[{"embeddable":true,"href":"https:\/\/www.voltizivanka.sk\/index.php\/wp-json\/wp\/v2\/comments?post=10"}],"version-history":[{"count":2,"href":"https:\/\/www.voltizivanka.sk\/index.php\/wp-json\/wp\/v2\/pages\/10\/revisions"}],"predecessor-version":[{"id":337,"href":"https:\/\/www.voltizivanka.sk\/index.php\/wp-json\/wp\/v2\/pages\/10\/revisions\/337"}],"wp:attachment":[{"href":"https:\/\/www.voltizivanka.sk\/index.php\/wp-json\/wp\/v2\/media?parent=10"}],"wp:term":[{"taxonomy":"post_tag","embeddable":true,"href":"https:\/\/www.voltizivanka.sk\/index.php\/wp-json\/wp\/v2\/tags?post=10"}],"curies":[{"name":"wp","href":"https:\/\/api.w.org\/{rel}","templated":true}]}}

História

<p class="has-black-color has-white-background-color has-text-color has-background wp-block-paragraph">Myšlienka založiť voltíž v Ivanke pri Dunaji sa zrodila v lete 2012. Podnetom bolo umožniť deťom z materskej školy Zálesie, kde cvičili pod vedením svojich učiteliek – Adriky a&nbsp;Zuzky, pokračovať vo voltížnom jazdení aj po odchode z&nbsp;materskej školy. Zálesácka škôlka so svojim vystúpením na kobylke Sáre  milo oživovala program jazdeckých pretekov organizovaných Spojenou školou.<br>Prvé oficiálne vystúpenie detí voltížnej skupiny Jazdeckého klubu Spojenej školy Ivanka pri Dunaji bolo už na jeseň po trojmesačnom tréningu pod vedením Adriany Žatkovej a&nbsp;Zuzany Repkovej. <br>Do Slovenského voltížneho pohára sa Jazdecký klub Spojenej školy Ivanka pri Dunaji zapojil na jar roku 2013 cvičením v Šali na koni Cavarly Charge, ktorého lonžovala Zuzana Repková. V&nbsp;máji toho istého roku sme v&nbsp;našom jazdeckom centre v&nbsp;Zálesí zorganizovali pretek SVP aj my.<br>Odvtedy sa pre nás účasť na súťažiach Slovenského voltížneho pohára stala každoročnou motiváciou zlepšiť sa vo voltížnom cvičení. Vyvrcholením sezóny bývaju Majstrovstvá Slovenskej republiky či Majstrovstvá Európy a sveta juniorov a seniorov, na ktorých cvičenci a lonžéri klub úspešne reprezentujú. </p>

<p>Myšlienka založiť voltíž v Ivanke pri Dunaji sa zrodila v lete 2012. Podnetom bolo umožniť deťom z materskej školy Zálesie, kde cvičili pod vedením svojich učiteliek – Adriky a&nbsp;Zuzky, pokračovať vo voltížnom jazdení aj po odchode z&nbsp;materskej školy. Zálesácka škôlka so svojim vystúpením na kobylke Sáre milo oživovala program jazdeckých pretekov organizovaných Spojenou školou.Prvé oficiálne &hellip; <a href="https://www.voltizivanka.sk/index.php/nas-klub/" class="more-link">Continue reading <span class="screen-reader-text">História</span></a></p>
