{"id":164,"date":"2021-10-06T14:08:27","date_gmt":"2021-10-06T12:08:27","guid":{"rendered":"https:\/\/www.voltizivanka.sk\/?page_id=164"},"modified":"2026-02-05T11:04:08","modified_gmt":"2026-02-05T10:04:08","slug":"nase-uspechy","status":"publish","type":"page","link":"https:\/\/www.voltizivanka.sk\/index.php\/nase-uspechy\/","title":{"rendered":"Na\u0161e \u00faspechy"},"content":{"rendered":"\n<p class=\"wp-block-paragraph\"><strong>Majstrovstv\u00e1 Slovenskej republiky vo volt\u00ed\u017enom jazden\u00ed 2025<\/strong>:<\/p>\n\n\n\n<p class=\"wp-block-paragraph\">kateg\u00f3ria deti D1 \u017eeny: Lucia Bor\u0161ov\u00e1 &#8211; 3. miesto<\/p>\n\n\n\n<p class=\"wp-block-paragraph\">kateg\u00f3ria deti D2 \u017eeny: Rebeka Kem\u00e9ny &#8211; 2. miesto, J\u00falia Tary &#8211; 3. miesto<\/p>\n\n\n\n<p class=\"wp-block-paragraph\">kateg\u00f3ria junior \u017eeny: Katar\u00edna Nagyov\u00e1 &#8211; 1. miesto<\/p>\n\n\n\n<p class=\"wp-block-paragraph\">kateg\u00f3ria senior \u017eeny: S\u00e1ra \u0160olt\u00e9sov\u00e1 &#8211; 1. miesto<\/p>\n\n\n\n<p class=\"wp-block-paragraph\">kateg\u00f3ria dvoj\u00edc: J\u00falia Tary a Rebeka Kem\u00e9ny &#8211; 2. miesto<\/p>\n\n\n\n<p class=\"wp-block-paragraph\">kateg\u00f3ria skup\u00edn det\u00ed: skupina JK Spojen\u00e1 \u0161kola Ivanka pri Dunaji &#8211; 2. miesto<\/p>\n\n\n\n<p class=\"wp-block-paragraph\"><strong>Majstrovstv\u00e1 Slovenskej republiky vo volt\u00ed\u017enom jazden\u00ed 2023<\/strong>:<\/p>\n\n\n\n<p class=\"wp-block-paragraph\">kateg\u00f3ria deti D1 \u017eeny: Na\u010fa Mar\u010dekov\u00e1 1. miesto, Tereza Truchl\u00edkov\u00e1 3. miesto<\/p>\n\n\n\n<p class=\"wp-block-paragraph\">kateg\u00f3ria deti D2 mu\u017ei: Filip Nikol\u00edni 2. miesto<\/p>\n\n\n\n<p class=\"wp-block-paragraph\">kateg\u00f3ria junior \u017eeny: Zara Cvetkovi\u010d 1. miesto<\/p>\n\n\n\n<p class=\"wp-block-paragraph\">kateg\u00f3ria senior \u017eeny: S\u00e1ra \u0160olt\u00e9sov\u00e1 1. miesto<\/p>\n\n\n\n<p class=\"wp-block-paragraph\">kateg\u00f3ria dvoj\u00edc: J\u00falia Tary a Rebeka Kem\u00e9ny 3. miesto<\/p>\n\n\n\n<p class=\"wp-block-paragraph\">kateg\u00f3ria skup\u00edn det\u00ed: skupina JK Spojen\u00e1 \u0161kola Ivanka pri Dunaji 1. miesto<\/p>\n\n\n\n<p class=\"wp-block-paragraph\">V priate\u013eskej s\u00fa\u0165a\u017ei v kateg\u00f3rii mlad\u00fd jazdec obsadili Sabina \u017datkov\u00e1 1. miesto a Lujza Gavaldov\u00e1 2. miesto.<\/p>\n\n\n\n<p class=\"wp-block-paragraph\"><strong>Majstrovstv\u00e1 Slovenskej republiky vo volt\u00ed\u017enom jazden\u00ed 2022<\/strong>: <\/p>\n\n\n\n<p class=\"wp-block-paragraph\">kateg\u00f3ria deti D1: Filip Nikol\u00edni 1. miesto, Na\u010fa Mar\u010dekov\u00e1 2. miesto, Rebeka Antal\u00edkov\u00e1 3. miesto<\/p>\n\n\n\n<p class=\"wp-block-paragraph\">kateg\u00f3ria deti D2: Zara Cvetkovi\u010d 1. miesto, Tara Jur\u00e1\u0161ov\u00e1 2. miesto, Zuzana \u0160pa\u010dkov\u00e1 3. miesto<\/p>\n\n\n\n<p class=\"wp-block-paragraph\">kateg\u00f3ria dvoj\u00edc: Zara Cvetkovi\u010d a Zuzana \u0160pa\u010dkov\u00e1 1. miesto, J\u00falia Tary a Rebeka Kem\u00e9ny 3.miesto<\/p>\n\n\n\n<p class=\"wp-block-paragraph\">kateg\u00f3ria skup\u00edn det\u00ed: skupina JK Spojen\u00e1 \u0161kola Ivanka pri Dunaji 1.miesto<\/p>\n\n\n\n<p class=\"wp-block-paragraph\"><\/p>\n\n\n\n<p class=\"wp-block-paragraph\"><strong>Majstrovstv\u00e1 Slovenskej republiky vo volt\u00ed\u017enom jazden\u00ed 2021<\/strong>: <\/p>\n\n\n\n<p class=\"wp-block-paragraph\">kateg\u00f3ria deti D1: Filip Nikol\u00edni, 1. miesto, Rebeka Kem\u00e9ny 3. miesto<\/p>\n\n\n\n<p class=\"wp-block-paragraph\">kateg\u00f3ria deti D2: Tara Jur\u00e1\u0161ov\u00e1, 2. miesto, Zara Cvetkovi\u010d 3. miesto<\/p>\n\n\n\n<p class=\"wp-block-paragraph\">kateg\u00f3ria senior: Hana Jezberov\u00e1, 2. miesto<\/p>\n\n\n\n<p class=\"wp-block-paragraph\">priate\u013esk\u00e1 s\u00fa\u0165a\u017e: skupina v kateg\u00f3rii deti: 1.miesto<\/p>\n\n\n","protected":false},"excerpt":{"rendered":"<p>Majstrovstv\u00e1 Slovenskej republiky vo volt\u00ed\u017enom jazden\u00ed 2025: kateg\u00f3ria deti D1 \u017eeny: Lucia Bor\u0161ov\u00e1 &#8211; 3. miesto kateg\u00f3ria deti D2 \u017eeny: Rebeka Kem\u00e9ny &#8211; 2. miesto, J\u00falia Tary &#8211; 3. miesto kateg\u00f3ria junior \u017eeny: Katar\u00edna Nagyov\u00e1 &#8211; 1. miesto kateg\u00f3ria senior \u017eeny: S\u00e1ra \u0160olt\u00e9sov\u00e1 &#8211; 1. miesto kateg\u00f3ria dvoj\u00edc: J\u00falia Tary a Rebeka Kem\u00e9ny &#8211; 2. &hellip; <a href=\"https:\/\/www.voltizivanka.sk\/index.php\/nase-uspechy\/\" class=\"more-link\">Continue reading <span class=\"screen-reader-text\">Na\u0161e \u00faspechy<\/span><\/a><\/p>\n","protected":false},"author":2,"featured_media":0,"parent":0,"menu_order":0,"comment_status":"closed","ping_status":"closed","template":"","meta":{"footnotes":""},"tags":[],"class_list":["post-164","page","type-page","status-publish","hentry","no-featured-image"],"jetpack_sharing_enabled":true,"_links":{"self":[{"href":"https:\/\/www.voltizivanka.sk\/index.php\/wp-json\/wp\/v2\/pages\/164","targetHints":{"allow":["GET"]}}],"collection":[{"href":"https:\/\/www.voltizivanka.sk\/index.php\/wp-json\/wp\/v2\/pages"}],"about":[{"href":"https:\/\/www.voltizivanka.sk\/index.php\/wp-json\/wp\/v2\/types\/page"}],"author":[{"embeddable":true,"href":"https:\/\/www.voltizivanka.sk\/index.php\/wp-json\/wp\/v2\/users\/2"}],"replies":[{"embeddable":true,"href":"https:\/\/www.voltizivanka.sk\/index.php\/wp-json\/wp\/v2\/comments?post=164"}],"version-history":[{"count":7,"href":"https:\/\/www.voltizivanka.sk\/index.php\/wp-json\/wp\/v2\/pages\/164\/revisions"}],"predecessor-version":[{"id":345,"href":"https:\/\/www.voltizivanka.sk\/index.php\/wp-json\/wp\/v2\/pages\/164\/revisions\/345"}],"wp:attachment":[{"href":"https:\/\/www.voltizivanka.sk\/index.php\/wp-json\/wp\/v2\/media?parent=164"}],"wp:term":[{"taxonomy":"post_tag","embeddable":true,"href":"https:\/\/www.voltizivanka.sk\/index.php\/wp-json\/wp\/v2\/tags?post=164"}],"curies":[{"name":"wp","href":"https:\/\/api.w.org\/{rel}","templated":true}]}}

Naše úspechy

<p class="wp-block-paragraph"><strong>Majstrovstvá Slovenskej republiky vo voltížnom jazdení 2025</strong>:</p>



<p class="wp-block-paragraph">kategória deti D1 ženy: Lucia Boršová &#8211; 3. miesto</p>



<p class="wp-block-paragraph">kategória deti D2 ženy: Rebeka Kemény &#8211; 2. miesto, Júlia Tary &#8211; 3. miesto</p>



<p class="wp-block-paragraph">kategória junior ženy: Katarína Nagyová &#8211; 1. miesto</p>



<p class="wp-block-paragraph">kategória senior ženy: Sára Šoltésová &#8211; 1. miesto</p>



<p class="wp-block-paragraph">kategória dvojíc: Júlia Tary a Rebeka Kemény &#8211; 2. miesto</p>



<p class="wp-block-paragraph">kategória skupín detí: skupina JK Spojená škola Ivanka pri Dunaji &#8211; 2. miesto</p>



<p class="wp-block-paragraph"><strong>Majstrovstvá Slovenskej republiky vo voltížnom jazdení 2023</strong>:</p>



<p class="wp-block-paragraph">kategória deti D1 ženy: Naďa Marčeková 1. miesto, Tereza Truchlíková 3. miesto</p>



<p class="wp-block-paragraph">kategória deti D2 muži: Filip Nikolíni 2. miesto</p>



<p class="wp-block-paragraph">kategória junior ženy: Zara Cvetkovič 1. miesto</p>



<p class="wp-block-paragraph">kategória senior ženy: Sára Šoltésová 1. miesto</p>



<p class="wp-block-paragraph">kategória dvojíc: Júlia Tary a Rebeka Kemény 3. miesto</p>



<p class="wp-block-paragraph">kategória skupín detí: skupina JK Spojená škola Ivanka pri Dunaji 1. miesto</p>



<p class="wp-block-paragraph">V priateľskej súťaži v kategórii mladý jazdec obsadili Sabina Žatková 1. miesto a Lujza Gavaldová 2. miesto.</p>



<p class="wp-block-paragraph"><strong>Majstrovstvá Slovenskej republiky vo voltížnom jazdení 2022</strong>: </p>



<p class="wp-block-paragraph">kategória deti D1: Filip Nikolíni 1. miesto, Naďa Marčeková 2. miesto, Rebeka Antalíková 3. miesto</p>



<p class="wp-block-paragraph">kategória deti D2: Zara Cvetkovič 1. miesto, Tara Jurášová 2. miesto, Zuzana Špačková 3. miesto</p>



<p class="wp-block-paragraph">kategória dvojíc: Zara Cvetkovič a Zuzana Špačková 1. miesto, Júlia Tary a Rebeka Kemény 3.miesto</p>



<p class="wp-block-paragraph">kategória skupín detí: skupina JK Spojená škola Ivanka pri Dunaji 1.miesto</p>



<p class="wp-block-paragraph"></p>



<p class="wp-block-paragraph"><strong>Majstrovstvá Slovenskej republiky vo voltížnom jazdení 2021</strong>: </p>



<p class="wp-block-paragraph">kategória deti D1: Filip Nikolíni, 1. miesto, Rebeka Kemény 3. miesto</p>



<p class="wp-block-paragraph">kategória deti D2: Tara Jurášová, 2. miesto, Zara Cvetkovič 3. miesto</p>



<p class="wp-block-paragraph">kategória senior: Hana Jezberová, 2. miesto</p>



<p class="wp-block-paragraph">priateľská súťaž: skupina v kategórii deti: 1.miesto</p>

<p>Majstrovstvá Slovenskej republiky vo voltížnom jazdení 2025: kategória deti D1 ženy: Lucia Boršová &#8211; 3. miesto kategória deti D2 ženy: Rebeka Kemény &#8211; 2. miesto, Júlia Tary &#8211; 3. miesto kategória junior ženy: Katarína Nagyová &#8211; 1. miesto kategória senior ženy: Sára Šoltésová &#8211; 1. miesto kategória dvojíc: Júlia Tary a Rebeka Kemény &#8211; 2. &hellip; <a href="https://www.voltizivanka.sk/index.php/nase-uspechy/" class="more-link">Continue reading <span class="screen-reader-text">Naše úspechy</span></a></p>
